{"id":360,"date":"2019-02-22T12:55:34","date_gmt":"2019-02-22T11:55:34","guid":{"rendered":"https:\/\/www.woldererhof.com\/impressum\/"},"modified":"2024-09-16T14:50:02","modified_gmt":"2024-09-16T12:50:02","slug":"colophon","status":"publish","type":"page","link":"https:\/\/www.woldererhof.com\/it\/colophon\/","title":{"rendered":"Colophon"},"content":{"rendered":"\n<h1 class=\"wp-block-heading has-text-align-left\">Colophon<\/h1>\n\n\n\n<h2 class=\"wp-block-heading\">Lichtung Woldererhof<\/h2>\n\n\n\n<p><strong>Famiglia Gasteiger<\/strong><\/p>\n\n\n\n<p>M\u00fchlbachlweg 13<br>\n39040 Ratschings (BZ)<\/p>\n\n\n\n<p><strong>T<\/strong>  <a href=\"http:\/\/tel.00393381402626\">+39 338 140 26 26<\/a> <br><strong>M<\/strong>  <a href=\"mailto:info@wolderer.com\">info@woldererhof.com<\/a> <br><strong>W<\/strong> <a href=\"https:\/\/www.woldererhof.com\/\">www.woldererhof.com<\/a><\/p>\n\n\n\n<p><strong>P.IVA:<\/strong> 03032930210<br><strong>St. Nr.:<\/strong> GSTHNS80E09M067V <br><strong>Numero CIN: <\/strong>IT021070B5VDO73QBV<\/p>\n\n\n\n<p><strong>Copyright per le immagini e grafiche utilizzate:<br><\/strong>\u00a9 Sterzing-Ratschings (Klaus Peterlin)  <br>\u00a9 Sterzing-Ratschings (Kottersteger)   <br>\u00a9 Sterzing-Ratschings (Alex Filz)  <br>\u00a9 Roter Hahn  <br>\u00a9 IDM S\u00fcdtirol\/trickytine <br>\u00a9 Marion Lafogler   <br>\u00a9 IDM S\u00fcdtirol\/Thomas Gr\u00fcner   <br>\u00a9 Schnalstaler Gletscherbahn\/Alex Filz   <br>\u00a9 Ortler Skiarena\/Alex Filz <\/p>\n\n\n\n<p><strong>Risoluzione delle controversie<br><\/strong> Informazioni obbligatorie ai sensi del Regolamento UE n. 524\/2013 del Parlamento e Consiglio europeo. Piattaforma per la risoluzione online delle controversie (ODR) della Commissione europea: <a href=\"https:\/\/ec.europa.eu\/consumers\/odr\/main\/?event=main.trader.register\">https:\/\/ec.europa.eu\/consumers\/odr\/main\/?event=main.trader.register<\/a><\/p>\n\n\n\n<p><strong>Concetto e realizzazione<br><\/strong>MUWit d. Sandra Stablum<br>Citt\u00e1 Alta 60<br>39043 Chiusa (BZ)<\/p>\n\n\n\n<p><strong>T<\/strong> +39 347 1330206<\/p>\n\n\n\n<p>Part. IVA IT02730810211<br>Cod. fisc. STB SDR 88 A44 B160 S<\/p>\n\n\n\n<p><a href=\"mailto:info@muwit.it\">info@muwit.it<\/a><br><a href=\"http:\/\/www.muwit.it\">www.muwit.it<\/a><\/p>\n\n\n\n<p><strong>Responsabile per il contenuto:<br><\/strong>Hannes Gasteiger | Lichtung Woldererhof<\/p>\n\n\n\n<p><strong>Dichiarazione liberatoria:<br>Responsabilit\u00e0 per i contenuti<\/strong><br>I contenuti delle nostre pagine sono stati redatti, elaborati e controllati scrupolosamente. Tuttavia, non ci assumiamo nessuna responsabilit\u00e0 per la correttezza, qualit\u00e0, completezza e attualit\u00e0 dei contenuti, poich\u00e9 non \u00e8 da escludere che siano cambiati nel tempo. Come prestatori di servizi siamo responsabili per i contenuti di queste pagine in base alla normativa vigente. Nella nostra qualit\u00e0 di prestatori di servizi non siamo per\u00f2 obbligati a controllare l\u2019esattezza di informazioni ricevute o salvate da terzi, o a controllare se sussistano irregolarit\u00e0 che indichino un\u2019attivit\u00e0 illegale. L\u2019obbligo di rimuovere o bloccare l\u2019utilizzo di informazioni secondo la normativa vigente rimane valido. L\u2019assunzione di tale responsabilit\u00e0 \u00e8 tuttavia possibile solamente dopo il momento dell\u2019effettivo riconoscimento da parte nostra di una concreta violazione di diritto. Alla presa d\u2019atto di tali violazioni di legge provvederemo immediatamente alla rimozione dei contenuti in questione. Si escludono di principio le rivendicazioni di responsabilit\u00e0 di qualsiasi tipo causate dall\u2019utilizzo di informazioni messe a disposizione, oppure da informazioni errate e\/o incomplete.<\/p>\n\n\n\n<p><strong>Responsabilit\u00e0 per i link<br><\/strong> La nostra offerta contiene dei collegamenti ipertestuali con siti web esterni di terzi, sui cui contenuti non possiamo influire. Per questo motivo non forniamo nessuna garanzia sui contenuti dei siti web linkati, indipendentemente dal tipo e dalla natura. Ne \u00e8 responsabile solamente il relativo proprietario o gestore del sito. Un controllo permanente dei contenuti dei siti linkati al presente non \u00e8 fattibile senza concreti punti di riferimento. All\u2019avvenuta conoscenza d\u2019infrazioni contro la legge causate dai siti web linkati, i link in questione saranno subito rimossi.<\/p>\n\n\n\n<p><strong>Copyright<br><\/strong> Tutti i contenuti e le opere creati dal web designer e dai gestori del sito sono protetti da copyright. La riproduzione, l\u2019alterazione, la distribuzione e qualsiasi forma di utilizzo, soprattutto per scopi commerciali, al di fuori dei limiti del diritto d\u2019autore, sono severamente vietate e ammesse esclusivamente previa autorizzazione scritta del relativo autore o creatore. Nel caso i contenuti di questa pagina non siano stati creati dal gestore, sono da rispettare i diritti di copyright di terzi. I contenuti redatti da terzi sono contrassegnati come tali. In caso doveste notare una violazione del copyright, vi preghiamo gentilmente di farci pervenire un\u2019apposita segnalazione. All\u2019atto di presa di conoscenza di tali violazioni di legge, i contenuti in questione saranno naturalmente rimossi subito, senza per\u00f2 assumerne nessuna responsabilit\u00e0.<\/p>\n\n\n\n<p><\/p>\n","protected":false},"excerpt":{"rendered":"<p>Colophon Lichtung Woldererhof Famiglia Gasteiger M\u00fchlbachlweg 13 39040 Ratschings (BZ) T +39 338 140 26 26 M info@woldererhof.com W www.woldererhof.com P.IVA: 03032930210St. Nr.: GSTHNS80E09M067V Numero CIN:<span class=\"excerpt-hellip\"> [\u2026]<\/span><\/p>\n","protected":false},"author":1,"featured_media":0,"parent":0,"menu_order":0,"comment_status":"closed","ping_status":"open","template":"","meta":{"_custom_body_class":"","_custom_post_class":"","footnotes":""},"yoast_head":"<!-- This site is optimized with the Yoast SEO plugin v22.0 - https:\/\/yoast.com\/wordpress\/plugins\/seo\/ -->\n<title>Meine Unterkunft bei Sterzing im sch\u00f6nen Gasteig: Lichtung Woldererhof<\/title>\n<meta name=\"description\" content=\"Urlaub in der Unterkunft bei Sterzing: auf der Lichtung in Gasteig, meiner Ferienunterkunft inmitten herrlicher Natur und doch nahe an den Sehensw\u00fcrdigkeiten des Fuggerst\u00e4dtchens Sterzing!\" \/>\n<meta name=\"robots\" content=\"noindex, nofollow\" \/>\n<meta name=\"twitter:label1\" content=\"Tempo di lettura stimato\" \/>\n\t<meta name=\"twitter:data1\" content=\"3 minuti\" \/>\n<script type=\"application\/ld+json\" class=\"yoast-schema-graph\">{\"@context\":\"https:\/\/schema.org\",\"@graph\":[{\"@type\":\"WebPage\",\"@id\":\"https:\/\/www.woldererhof.com\/it\/colophon\/\",\"url\":\"https:\/\/www.woldererhof.com\/it\/colophon\/\",\"name\":\"Meine Unterkunft bei Sterzing im sch\u00f6nen Gasteig: Lichtung Woldererhof\",\"isPartOf\":{\"@id\":\"https:\/\/www.woldererhof.com\/#website\"},\"datePublished\":\"2019-02-22T11:55:34+00:00\",\"dateModified\":\"2024-09-16T12:50:02+00:00\",\"description\":\"Urlaub in der Unterkunft bei Sterzing: auf der Lichtung in Gasteig, meiner Ferienunterkunft inmitten herrlicher Natur und doch nahe an den Sehensw\u00fcrdigkeiten des Fuggerst\u00e4dtchens Sterzing!\",\"breadcrumb\":{\"@id\":\"https:\/\/www.woldererhof.com\/it\/colophon\/#breadcrumb\"},\"inLanguage\":\"it-IT\",\"potentialAction\":[{\"@type\":\"ReadAction\",\"target\":[\"https:\/\/www.woldererhof.com\/it\/colophon\/\"]}]},{\"@type\":\"BreadcrumbList\",\"@id\":\"https:\/\/www.woldererhof.com\/it\/colophon\/#breadcrumb\",\"itemListElement\":[{\"@type\":\"ListItem\",\"position\":1,\"name\":\"Startseite\",\"item\":\"https:\/\/www.woldererhof.com\/\"},{\"@type\":\"ListItem\",\"position\":2,\"name\":\"Colophon\"}]},{\"@type\":\"WebSite\",\"@id\":\"https:\/\/www.woldererhof.com\/#website\",\"url\":\"https:\/\/www.woldererhof.com\/\",\"name\":\"Lichtung Woldererhof\",\"description\":\"Lichtung Woldererhof\",\"potentialAction\":[{\"@type\":\"SearchAction\",\"target\":{\"@type\":\"EntryPoint\",\"urlTemplate\":\"https:\/\/www.woldererhof.com\/?s={search_term_string}\"},\"query-input\":\"required name=search_term_string\"}],\"inLanguage\":\"it-IT\"}]}<\/script>\n<!-- \/ Yoast SEO plugin. -->","yoast_head_json":{"title":"Meine Unterkunft bei Sterzing im sch\u00f6nen Gasteig: Lichtung Woldererhof","description":"Urlaub in der Unterkunft bei Sterzing: auf der Lichtung in Gasteig, meiner Ferienunterkunft inmitten herrlicher Natur und doch nahe an den Sehensw\u00fcrdigkeiten des Fuggerst\u00e4dtchens Sterzing!","robots":{"index":"noindex","follow":"nofollow"},"twitter_misc":{"Tempo di lettura stimato":"3 minuti"},"schema":{"@context":"https:\/\/schema.org","@graph":[{"@type":"WebPage","@id":"https:\/\/www.woldererhof.com\/it\/colophon\/","url":"https:\/\/www.woldererhof.com\/it\/colophon\/","name":"Meine Unterkunft bei Sterzing im sch\u00f6nen Gasteig: Lichtung Woldererhof","isPartOf":{"@id":"https:\/\/www.woldererhof.com\/#website"},"datePublished":"2019-02-22T11:55:34+00:00","dateModified":"2024-09-16T12:50:02+00:00","description":"Urlaub in der Unterkunft bei Sterzing: auf der Lichtung in Gasteig, meiner Ferienunterkunft inmitten herrlicher Natur und doch nahe an den Sehensw\u00fcrdigkeiten des Fuggerst\u00e4dtchens Sterzing!","breadcrumb":{"@id":"https:\/\/www.woldererhof.com\/it\/colophon\/#breadcrumb"},"inLanguage":"it-IT","potentialAction":[{"@type":"ReadAction","target":["https:\/\/www.woldererhof.com\/it\/colophon\/"]}]},{"@type":"BreadcrumbList","@id":"https:\/\/www.woldererhof.com\/it\/colophon\/#breadcrumb","itemListElement":[{"@type":"ListItem","position":1,"name":"Startseite","item":"https:\/\/www.woldererhof.com\/"},{"@type":"ListItem","position":2,"name":"Colophon"}]},{"@type":"WebSite","@id":"https:\/\/www.woldererhof.com\/#website","url":"https:\/\/www.woldererhof.com\/","name":"Lichtung Woldererhof","description":"Lichtung Woldererhof","potentialAction":[{"@type":"SearchAction","target":{"@type":"EntryPoint","urlTemplate":"https:\/\/www.woldererhof.com\/?s={search_term_string}"},"query-input":"required name=search_term_string"}],"inLanguage":"it-IT"}]}},"_links":{"self":[{"href":"https:\/\/www.woldererhof.com\/it\/wp-json\/wp\/v2\/pages\/360"}],"collection":[{"href":"https:\/\/www.woldererhof.com\/it\/wp-json\/wp\/v2\/pages"}],"about":[{"href":"https:\/\/www.woldererhof.com\/it\/wp-json\/wp\/v2\/types\/page"}],"author":[{"embeddable":true,"href":"https:\/\/www.woldererhof.com\/it\/wp-json\/wp\/v2\/users\/1"}],"replies":[{"embeddable":true,"href":"https:\/\/www.woldererhof.com\/it\/wp-json\/wp\/v2\/comments?post=360"}],"version-history":[{"count":0,"href":"https:\/\/www.woldererhof.com\/it\/wp-json\/wp\/v2\/pages\/360\/revisions"}],"wp:attachment":[{"href":"https:\/\/www.woldererhof.com\/it\/wp-json\/wp\/v2\/media?parent=360"}],"curies":[{"name":"wp","href":"https:\/\/api.w.org\/{rel}","templated":true}]}}

<h1 class="wp-block-heading has-text-align-left">Colophon</h1>



<h2 class="wp-block-heading">Lichtung Woldererhof</h2>



<p><strong>Famiglia Gasteiger</strong></p>



<p>Mühlbachlweg 13<br>
39040 Ratschings (BZ)</p>



<p><strong>T</strong>  <a href="http://tel.00393381402626">+39 338 140 26 26</a> <br><strong>M</strong>  <a href="mailto:info@wolderer.com">info@woldererhof.com</a> <br><strong>W</strong> <a href="https://www.woldererhof.com/">www.woldererhof.com</a></p>



<p><strong>P.IVA:</strong> 03032930210<br><strong>St. Nr.:</strong> GSTHNS80E09M067V <br><strong>Numero CIN: </strong>IT021070B5VDO73QBV</p>



<p><strong>Copyright per le immagini e grafiche utilizzate:<br></strong>© Sterzing-Ratschings (Klaus Peterlin)  <br>© Sterzing-Ratschings (Kottersteger)   <br>© Sterzing-Ratschings (Alex Filz)  <br>© Roter Hahn  <br>© IDM Südtirol/trickytine <br>© Marion Lafogler   <br>© IDM Südtirol/Thomas Grüner   <br>© Schnalstaler Gletscherbahn/Alex Filz   <br>© Ortler Skiarena/Alex Filz </p>



<p><strong>Risoluzione delle controversie<br></strong> Informazioni obbligatorie ai sensi del Regolamento UE n. 524/2013 del Parlamento e Consiglio europeo. Piattaforma per la risoluzione online delle controversie (ODR) della Commissione europea: <a href="https://ec.europa.eu/consumers/odr/main/?event=main.trader.register">https://ec.europa.eu/consumers/odr/main/?event=main.trader.register</a></p>



<p><strong>Concetto e realizzazione<br></strong>MUWit d. Sandra Stablum<br>Cittá Alta 60<br>39043 Chiusa (BZ)</p>



<p><strong>T</strong> +39 347 1330206</p>



<p>Part. IVA IT02730810211<br>Cod. fisc. STB SDR 88 A44 B160 S</p>



<p><a href="mailto:info@muwit.it">info@muwit.it</a><br><a href="http://www.muwit.it">www.muwit.it</a></p>



<p><strong>Responsabile per il contenuto:<br></strong>Hannes Gasteiger | Lichtung Woldererhof</p>



<p><strong>Dichiarazione liberatoria:<br>Responsabilità per i contenuti</strong><br>I contenuti delle nostre pagine sono stati redatti, elaborati e controllati scrupolosamente. Tuttavia, non ci assumiamo nessuna responsabilità per la correttezza, qualità, completezza e attualità dei contenuti, poiché non è da escludere che siano cambiati nel tempo. Come prestatori di servizi siamo responsabili per i contenuti di queste pagine in base alla normativa vigente. Nella nostra qualità di prestatori di servizi non siamo però obbligati a controllare l’esattezza di informazioni ricevute o salvate da terzi, o a controllare se sussistano irregolarità che indichino un’attività illegale. L’obbligo di rimuovere o bloccare l’utilizzo di informazioni secondo la normativa vigente rimane valido. L’assunzione di tale responsabilità è tuttavia possibile solamente dopo il momento dell’effettivo riconoscimento da parte nostra di una concreta violazione di diritto. Alla presa d’atto di tali violazioni di legge provvederemo immediatamente alla rimozione dei contenuti in questione. Si escludono di principio le rivendicazioni di responsabilità di qualsiasi tipo causate dall’utilizzo di informazioni messe a disposizione, oppure da informazioni errate e/o incomplete.</p>



<p><strong>Responsabilità per i link<br></strong> La nostra offerta contiene dei collegamenti ipertestuali con siti web esterni di terzi, sui cui contenuti non possiamo influire. Per questo motivo non forniamo nessuna garanzia sui contenuti dei siti web linkati, indipendentemente dal tipo e dalla natura. Ne è responsabile solamente il relativo proprietario o gestore del sito. Un controllo permanente dei contenuti dei siti linkati al presente non è fattibile senza concreti punti di riferimento. All’avvenuta conoscenza d’infrazioni contro la legge causate dai siti web linkati, i link in questione saranno subito rimossi.</p>



<p><strong>Copyright<br></strong> Tutti i contenuti e le opere creati dal web designer e dai gestori del sito sono protetti da copyright. La riproduzione, l’alterazione, la distribuzione e qualsiasi forma di utilizzo, soprattutto per scopi commerciali, al di fuori dei limiti del diritto d’autore, sono severamente vietate e ammesse esclusivamente previa autorizzazione scritta del relativo autore o creatore. Nel caso i contenuti di questa pagina non siano stati creati dal gestore, sono da rispettare i diritti di copyright di terzi. I contenuti redatti da terzi sono contrassegnati come tali. In caso doveste notare una violazione del copyright, vi preghiamo gentilmente di farci pervenire un’apposita segnalazione. All’atto di presa di conoscenza di tali violazioni di legge, i contenuti in questione saranno naturalmente rimossi subito, senza però assumerne nessuna responsabilità.</p>



<p></p>

<p>Colophon Lichtung Woldererhof Famiglia Gasteiger Mühlbachlweg 13 39040 Ratschings (BZ) T +39 338 140 26 26 M info@woldererhof.com W www.woldererhof.com P.IVA: 03032930210St. Nr.: GSTHNS80E09M067V Numero CIN:<span class="excerpt-hellip"> […]</span></p>

<!-- This site is optimized with the Yoast SEO plugin v22.0 - https://yoast.com/wordpress/plugins/seo/ -->
<title>Meine Unterkunft bei Sterzing im schönen Gasteig: Lichtung Woldererhof</title>
<meta name="description" content="Urlaub in der Unterkunft bei Sterzing: auf der Lichtung in Gasteig, meiner Ferienunterkunft inmitten herrlicher Natur und doch nahe an den Sehenswürdigkeiten des Fuggerstädtchens Sterzing!" />
<meta name="robots" content="noindex, nofollow" />
<meta name="twitter:label1" content="Tempo di lettura stimato" />
	<meta name="twitter:data1" content="3 minuti" />
<script type="application/ld+json" class="yoast-schema-graph">{"@context":"https://schema.org","@graph":[{"@type":"WebPage","@id":"https://www.woldererhof.com/it/colophon/","url":"https://www.woldererhof.com/it/colophon/","name":"Meine Unterkunft bei Sterzing im schönen Gasteig: Lichtung Woldererhof","isPartOf":{"@id":"https://www.woldererhof.com/#website"},"datePublished":"2019-02-22T11:55:34+00:00","dateModified":"2024-09-16T12:50:02+00:00","description":"Urlaub in der Unterkunft bei Sterzing: auf der Lichtung in Gasteig, meiner Ferienunterkunft inmitten herrlicher Natur und doch nahe an den Sehenswürdigkeiten des Fuggerstädtchens Sterzing!","breadcrumb":{"@id":"https://www.woldererhof.com/it/colophon/#breadcrumb"},"inLanguage":"it-IT","potentialAction":[{"@type":"ReadAction","target":["https://www.woldererhof.com/it/colophon/"]}]},{"@type":"BreadcrumbList","@id":"https://www.woldererhof.com/it/colophon/#breadcrumb","itemListElement":[{"@type":"ListItem","position":1,"name":"Startseite","item":"https://www.woldererhof.com/"},{"@type":"ListItem","position":2,"name":"Colophon"}]},{"@type":"WebSite","@id":"https://www.woldererhof.com/#website","url":"https://www.woldererhof.com/","name":"Lichtung Woldererhof","description":"Lichtung Woldererhof","potentialAction":[{"@type":"SearchAction","target":{"@type":"EntryPoint","urlTemplate":"https://www.woldererhof.com/?s={search_term_string}"},"query-input":"required name=search_term_string"}],"inLanguage":"it-IT"}]}</script>
<!-- / Yoast SEO plugin. -->

Meine Unterkunft bei Sterzing im schönen Gasteig: Lichtung Woldererhof

Urlaub in der Unterkunft bei Sterzing: auf der Lichtung in Gasteig, meiner Ferienunterkunft inmitten herrlicher Natur und doch nahe an den Sehenswürdigkeiten des Fuggerstädtchens Sterzing!
