{"id":279,"date":"2019-02-21T10:08:36","date_gmt":"2019-02-21T09:08:36","guid":{"rendered":"https:\/\/www.woldererhof.com\/bauernhof\/"},"modified":"2019-11-13T10:25:49","modified_gmt":"2019-11-13T09:25:49","slug":"il-maso","status":"publish","type":"page","link":"https:\/\/www.woldererhof.com\/it\/il-maso\/","title":{"rendered":"Il Maso"},"content":{"rendered":"\n<h1 class=\"wp-block-heading\" style=\"text-align:right\">Il<br>maso<\/h1>\n\n\n\n<blockquote style=\"text-align:right\" class=\"wp-block-quote\"><p>Si apre la radura, l\u2019orizzonte si libera. Sentirsi a casa, vivere nel presente. Un respiro profondo per lasciare entrare l\u2019aria pura, la luce, il bosco.<\/p><\/blockquote>\n","protected":false},"excerpt":{"rendered":"<p>Ilmaso Si apre la radura, l\u2019orizzonte si libera. Sentirsi a casa, vivere nel presente. Un respiro profondo per lasciare entrare l\u2019aria pura, la luce, il bosco.<\/p>\n","protected":false},"author":1,"featured_media":0,"parent":0,"menu_order":0,"comment_status":"closed","ping_status":"open","template":"","meta":{"_custom_body_class":"","_custom_post_class":"","footnotes":""},"yoast_head":"<!-- This site is optimized with the Yoast SEO plugin v22.0 - https:\/\/yoast.com\/wordpress\/plugins\/seo\/ -->\n<title>Vacanze su un maso altoatesino: Lichtung Woldererhof<\/title>\n<meta name=\"description\" content=\"Cosa c\u2019\u00e8 di pi\u00f9 rigenerante di una vacanza su un autentico maso di montagna? Al Lichtung Woldererhof vi aspettano la tipica ospitalit\u00e0 altoatesina e tanta, tanta natura!\" \/>\n<meta name=\"robots\" content=\"index, follow, max-snippet:-1, max-image-preview:large, max-video-preview:-1\" \/>\n<link rel=\"canonical\" href=\"https:\/\/www.woldererhof.com\/it\/il-maso\/\" \/>\n<script type=\"application\/ld+json\" class=\"yoast-schema-graph\">{\"@context\":\"https:\/\/schema.org\",\"@graph\":[{\"@type\":\"WebPage\",\"@id\":\"https:\/\/www.woldererhof.com\/it\/il-maso\/\",\"url\":\"https:\/\/www.woldererhof.com\/it\/il-maso\/\",\"name\":\"Vacanze su un maso altoatesino: Lichtung Woldererhof\",\"isPartOf\":{\"@id\":\"https:\/\/www.woldererhof.com\/#website\"},\"datePublished\":\"2019-02-21T09:08:36+00:00\",\"dateModified\":\"2019-11-13T09:25:49+00:00\",\"description\":\"Cosa c\u2019\u00e8 di pi\u00f9 rigenerante di una vacanza su un autentico maso di montagna? Al Lichtung Woldererhof vi aspettano la tipica ospitalit\u00e0 altoatesina e tanta, tanta natura!\",\"breadcrumb\":{\"@id\":\"https:\/\/www.woldererhof.com\/it\/il-maso\/#breadcrumb\"},\"inLanguage\":\"it-IT\",\"potentialAction\":[{\"@type\":\"ReadAction\",\"target\":[\"https:\/\/www.woldererhof.com\/it\/il-maso\/\"]}]},{\"@type\":\"BreadcrumbList\",\"@id\":\"https:\/\/www.woldererhof.com\/it\/il-maso\/#breadcrumb\",\"itemListElement\":[{\"@type\":\"ListItem\",\"position\":1,\"name\":\"Startseite\",\"item\":\"https:\/\/www.woldererhof.com\/\"},{\"@type\":\"ListItem\",\"position\":2,\"name\":\"Il Maso\"}]},{\"@type\":\"WebSite\",\"@id\":\"https:\/\/www.woldererhof.com\/#website\",\"url\":\"https:\/\/www.woldererhof.com\/\",\"name\":\"Lichtung Woldererhof\",\"description\":\"Lichtung Woldererhof\",\"potentialAction\":[{\"@type\":\"SearchAction\",\"target\":{\"@type\":\"EntryPoint\",\"urlTemplate\":\"https:\/\/www.woldererhof.com\/?s={search_term_string}\"},\"query-input\":\"required name=search_term_string\"}],\"inLanguage\":\"it-IT\"}]}<\/script>\n<!-- \/ Yoast SEO plugin. -->","yoast_head_json":{"title":"Vacanze su un maso altoatesino: Lichtung Woldererhof","description":"Cosa c\u2019\u00e8 di pi\u00f9 rigenerante di una vacanza su un autentico maso di montagna? Al Lichtung Woldererhof vi aspettano la tipica ospitalit\u00e0 altoatesina e tanta, tanta natura!","robots":{"index":"index","follow":"follow","max-snippet":"max-snippet:-1","max-image-preview":"max-image-preview:large","max-video-preview":"max-video-preview:-1"},"canonical":"https:\/\/www.woldererhof.com\/it\/il-maso\/","schema":{"@context":"https:\/\/schema.org","@graph":[{"@type":"WebPage","@id":"https:\/\/www.woldererhof.com\/it\/il-maso\/","url":"https:\/\/www.woldererhof.com\/it\/il-maso\/","name":"Vacanze su un maso altoatesino: Lichtung Woldererhof","isPartOf":{"@id":"https:\/\/www.woldererhof.com\/#website"},"datePublished":"2019-02-21T09:08:36+00:00","dateModified":"2019-11-13T09:25:49+00:00","description":"Cosa c\u2019\u00e8 di pi\u00f9 rigenerante di una vacanza su un autentico maso di montagna? Al Lichtung Woldererhof vi aspettano la tipica ospitalit\u00e0 altoatesina e tanta, tanta natura!","breadcrumb":{"@id":"https:\/\/www.woldererhof.com\/it\/il-maso\/#breadcrumb"},"inLanguage":"it-IT","potentialAction":[{"@type":"ReadAction","target":["https:\/\/www.woldererhof.com\/it\/il-maso\/"]}]},{"@type":"BreadcrumbList","@id":"https:\/\/www.woldererhof.com\/it\/il-maso\/#breadcrumb","itemListElement":[{"@type":"ListItem","position":1,"name":"Startseite","item":"https:\/\/www.woldererhof.com\/"},{"@type":"ListItem","position":2,"name":"Il Maso"}]},{"@type":"WebSite","@id":"https:\/\/www.woldererhof.com\/#website","url":"https:\/\/www.woldererhof.com\/","name":"Lichtung Woldererhof","description":"Lichtung Woldererhof","potentialAction":[{"@type":"SearchAction","target":{"@type":"EntryPoint","urlTemplate":"https:\/\/www.woldererhof.com\/?s={search_term_string}"},"query-input":"required name=search_term_string"}],"inLanguage":"it-IT"}]}},"_links":{"self":[{"href":"https:\/\/www.woldererhof.com\/it\/wp-json\/wp\/v2\/pages\/279"}],"collection":[{"href":"https:\/\/www.woldererhof.com\/it\/wp-json\/wp\/v2\/pages"}],"about":[{"href":"https:\/\/www.woldererhof.com\/it\/wp-json\/wp\/v2\/types\/page"}],"author":[{"embeddable":true,"href":"https:\/\/www.woldererhof.com\/it\/wp-json\/wp\/v2\/users\/1"}],"replies":[{"embeddable":true,"href":"https:\/\/www.woldererhof.com\/it\/wp-json\/wp\/v2\/comments?post=279"}],"version-history":[{"count":0,"href":"https:\/\/www.woldererhof.com\/it\/wp-json\/wp\/v2\/pages\/279\/revisions"}],"wp:attachment":[{"href":"https:\/\/www.woldererhof.com\/it\/wp-json\/wp\/v2\/media?parent=279"}],"curies":[{"name":"wp","href":"https:\/\/api.w.org\/{rel}","templated":true}]}}

<!-- This site is optimized with the Yoast SEO plugin v22.0 - https://yoast.com/wordpress/plugins/seo/ -->
<title>Vacanze su un maso altoatesino: Lichtung Woldererhof</title>
<meta name="description" content="Cosa c’è di più rigenerante di una vacanza su un autentico maso di montagna? Al Lichtung Woldererhof vi aspettano la tipica ospitalità altoatesina e tanta, tanta natura!" />
<meta name="robots" content="index, follow, max-snippet:-1, max-image-preview:large, max-video-preview:-1" />
<link rel="canonical" href="https://www.woldererhof.com/it/il-maso/" />
<script type="application/ld+json" class="yoast-schema-graph">{"@context":"https://schema.org","@graph":[{"@type":"WebPage","@id":"https://www.woldererhof.com/it/il-maso/","url":"https://www.woldererhof.com/it/il-maso/","name":"Vacanze su un maso altoatesino: Lichtung Woldererhof","isPartOf":{"@id":"https://www.woldererhof.com/#website"},"datePublished":"2019-02-21T09:08:36+00:00","dateModified":"2019-11-13T09:25:49+00:00","description":"Cosa c’è di più rigenerante di una vacanza su un autentico maso di montagna? Al Lichtung Woldererhof vi aspettano la tipica ospitalità altoatesina e tanta, tanta natura!","breadcrumb":{"@id":"https://www.woldererhof.com/it/il-maso/#breadcrumb"},"inLanguage":"it-IT","potentialAction":[{"@type":"ReadAction","target":["https://www.woldererhof.com/it/il-maso/"]}]},{"@type":"BreadcrumbList","@id":"https://www.woldererhof.com/it/il-maso/#breadcrumb","itemListElement":[{"@type":"ListItem","position":1,"name":"Startseite","item":"https://www.woldererhof.com/"},{"@type":"ListItem","position":2,"name":"Il Maso"}]},{"@type":"WebSite","@id":"https://www.woldererhof.com/#website","url":"https://www.woldererhof.com/","name":"Lichtung Woldererhof","description":"Lichtung Woldererhof","potentialAction":[{"@type":"SearchAction","target":{"@type":"EntryPoint","urlTemplate":"https://www.woldererhof.com/?s={search_term_string}"},"query-input":"required name=search_term_string"}],"inLanguage":"it-IT"}]}</script>
<!-- / Yoast SEO plugin. -->

Cosa c’è di più rigenerante di una vacanza su un autentico maso di montagna? Al Lichtung Woldererhof vi aspettano la tipica ospitalità altoatesina e tanta, tanta natura!
