{"id":256,"date":"2019-02-20T11:05:55","date_gmt":"2019-02-20T10:05:55","guid":{"rendered":"https:\/\/www.woldererhof.com\/wohnen\/"},"modified":"2025-02-28T17:05:17","modified_gmt":"2025-02-28T16:05:17","slug":"gli-appartamenti","status":"publish","type":"page","link":"https:\/\/www.woldererhof.com\/it\/gli-appartamenti\/","title":{"rendered":"Gli appartamenti"},"content":{"rendered":"\n<h1 class=\"wp-block-heading\" style=\"text-align:right\">Appartamenti<\/h1>\n\n\n\n<blockquote style=\"text-align:right\" class=\"wp-block-quote\"><p>Quando ci si lascia alle spalle la routine, si aprono nuovi orizzonti. Liberi da ci\u00f2 che \u00e8 superfluo, o sgradito. Resta solo ci\u00f2 che conta.<\/p><\/blockquote>\n","protected":false},"excerpt":{"rendered":"<p>Appartamenti Quando ci si lascia alle spalle la routine, si aprono nuovi orizzonti. Liberi da ci\u00f2 che \u00e8 superfluo, o sgradito. Resta solo ci\u00f2 che conta.<\/p>\n","protected":false},"author":1,"featured_media":0,"parent":0,"menu_order":0,"comment_status":"closed","ping_status":"open","template":"","meta":{"_custom_body_class":"","_custom_post_class":"","footnotes":""},"yoast_head":"<!-- This site is optimized with the Yoast SEO plugin v22.0 - https:\/\/yoast.com\/wordpress\/plugins\/seo\/ -->\n<title>Appartamenti vacanze in Alto Adige \u2013 ospitalit\u00e0 e privacy<\/title>\n<meta name=\"description\" content=\"Il perfetto mix di privacy e ospitalit\u00e0: gli appartamenti vacanze Lichtung Woldererhof vi aspettano su un\u2019idilliaca radura in Alto Adige.\" \/>\n<meta name=\"robots\" content=\"index, follow, max-snippet:-1, max-image-preview:large, max-video-preview:-1\" \/>\n<link rel=\"canonical\" href=\"https:\/\/www.woldererhof.com\/it\/gli-appartamenti\/\" \/>\n<script type=\"application\/ld+json\" class=\"yoast-schema-graph\">{\"@context\":\"https:\/\/schema.org\",\"@graph\":[{\"@type\":\"WebPage\",\"@id\":\"https:\/\/www.woldererhof.com\/it\/gli-appartamenti\/\",\"url\":\"https:\/\/www.woldererhof.com\/it\/gli-appartamenti\/\",\"name\":\"Appartamenti vacanze in Alto Adige \u2013 ospitalit\u00e0 e privacy\",\"isPartOf\":{\"@id\":\"https:\/\/www.woldererhof.com\/#website\"},\"datePublished\":\"2019-02-20T10:05:55+00:00\",\"dateModified\":\"2025-02-28T16:05:17+00:00\",\"description\":\"Il perfetto mix di privacy e ospitalit\u00e0: gli appartamenti vacanze Lichtung Woldererhof vi aspettano su un\u2019idilliaca radura in Alto Adige.\",\"breadcrumb\":{\"@id\":\"https:\/\/www.woldererhof.com\/it\/gli-appartamenti\/#breadcrumb\"},\"inLanguage\":\"it-IT\",\"potentialAction\":[{\"@type\":\"ReadAction\",\"target\":[\"https:\/\/www.woldererhof.com\/it\/gli-appartamenti\/\"]}]},{\"@type\":\"BreadcrumbList\",\"@id\":\"https:\/\/www.woldererhof.com\/it\/gli-appartamenti\/#breadcrumb\",\"itemListElement\":[{\"@type\":\"ListItem\",\"position\":1,\"name\":\"Startseite\",\"item\":\"https:\/\/www.woldererhof.com\/\"},{\"@type\":\"ListItem\",\"position\":2,\"name\":\"Gli appartamenti\"}]},{\"@type\":\"WebSite\",\"@id\":\"https:\/\/www.woldererhof.com\/#website\",\"url\":\"https:\/\/www.woldererhof.com\/\",\"name\":\"Lichtung Woldererhof\",\"description\":\"Lichtung Woldererhof\",\"potentialAction\":[{\"@type\":\"SearchAction\",\"target\":{\"@type\":\"EntryPoint\",\"urlTemplate\":\"https:\/\/www.woldererhof.com\/?s={search_term_string}\"},\"query-input\":\"required name=search_term_string\"}],\"inLanguage\":\"it-IT\"}]}<\/script>\n<!-- \/ Yoast SEO plugin. -->","yoast_head_json":{"title":"Appartamenti vacanze in Alto Adige \u2013 ospitalit\u00e0 e privacy","description":"Il perfetto mix di privacy e ospitalit\u00e0: gli appartamenti vacanze Lichtung Woldererhof vi aspettano su un\u2019idilliaca radura in Alto Adige.","robots":{"index":"index","follow":"follow","max-snippet":"max-snippet:-1","max-image-preview":"max-image-preview:large","max-video-preview":"max-video-preview:-1"},"canonical":"https:\/\/www.woldererhof.com\/it\/gli-appartamenti\/","schema":{"@context":"https:\/\/schema.org","@graph":[{"@type":"WebPage","@id":"https:\/\/www.woldererhof.com\/it\/gli-appartamenti\/","url":"https:\/\/www.woldererhof.com\/it\/gli-appartamenti\/","name":"Appartamenti vacanze in Alto Adige \u2013 ospitalit\u00e0 e privacy","isPartOf":{"@id":"https:\/\/www.woldererhof.com\/#website"},"datePublished":"2019-02-20T10:05:55+00:00","dateModified":"2025-02-28T16:05:17+00:00","description":"Il perfetto mix di privacy e ospitalit\u00e0: gli appartamenti vacanze Lichtung Woldererhof vi aspettano su un\u2019idilliaca radura in Alto Adige.","breadcrumb":{"@id":"https:\/\/www.woldererhof.com\/it\/gli-appartamenti\/#breadcrumb"},"inLanguage":"it-IT","potentialAction":[{"@type":"ReadAction","target":["https:\/\/www.woldererhof.com\/it\/gli-appartamenti\/"]}]},{"@type":"BreadcrumbList","@id":"https:\/\/www.woldererhof.com\/it\/gli-appartamenti\/#breadcrumb","itemListElement":[{"@type":"ListItem","position":1,"name":"Startseite","item":"https:\/\/www.woldererhof.com\/"},{"@type":"ListItem","position":2,"name":"Gli appartamenti"}]},{"@type":"WebSite","@id":"https:\/\/www.woldererhof.com\/#website","url":"https:\/\/www.woldererhof.com\/","name":"Lichtung Woldererhof","description":"Lichtung Woldererhof","potentialAction":[{"@type":"SearchAction","target":{"@type":"EntryPoint","urlTemplate":"https:\/\/www.woldererhof.com\/?s={search_term_string}"},"query-input":"required name=search_term_string"}],"inLanguage":"it-IT"}]}},"_links":{"self":[{"href":"https:\/\/www.woldererhof.com\/it\/wp-json\/wp\/v2\/pages\/256"}],"collection":[{"href":"https:\/\/www.woldererhof.com\/it\/wp-json\/wp\/v2\/pages"}],"about":[{"href":"https:\/\/www.woldererhof.com\/it\/wp-json\/wp\/v2\/types\/page"}],"author":[{"embeddable":true,"href":"https:\/\/www.woldererhof.com\/it\/wp-json\/wp\/v2\/users\/1"}],"replies":[{"embeddable":true,"href":"https:\/\/www.woldererhof.com\/it\/wp-json\/wp\/v2\/comments?post=256"}],"version-history":[{"count":0,"href":"https:\/\/www.woldererhof.com\/it\/wp-json\/wp\/v2\/pages\/256\/revisions"}],"wp:attachment":[{"href":"https:\/\/www.woldererhof.com\/it\/wp-json\/wp\/v2\/media?parent=256"}],"curies":[{"name":"wp","href":"https:\/\/api.w.org\/{rel}","templated":true}]}}

<h1 class="wp-block-heading" style="text-align:right">Appartamenti</h1>



<blockquote style="text-align:right" class="wp-block-quote"><p>Quando ci si lascia alle spalle la routine, si aprono nuovi orizzonti. Liberi da ciò che è superfluo, o sgradito. Resta solo ciò che conta.</p></blockquote>

<p>Appartamenti Quando ci si lascia alle spalle la routine, si aprono nuovi orizzonti. Liberi da ciò che è superfluo, o sgradito. Resta solo ciò che conta.</p>

<!-- This site is optimized with the Yoast SEO plugin v22.0 - https://yoast.com/wordpress/plugins/seo/ -->
<title>Appartamenti vacanze in Alto Adige – ospitalità e privacy</title>
<meta name="description" content="Il perfetto mix di privacy e ospitalità: gli appartamenti vacanze Lichtung Woldererhof vi aspettano su un’idilliaca radura in Alto Adige." />
<meta name="robots" content="index, follow, max-snippet:-1, max-image-preview:large, max-video-preview:-1" />
<link rel="canonical" href="https://www.woldererhof.com/it/gli-appartamenti/" />
<script type="application/ld+json" class="yoast-schema-graph">{"@context":"https://schema.org","@graph":[{"@type":"WebPage","@id":"https://www.woldererhof.com/it/gli-appartamenti/","url":"https://www.woldererhof.com/it/gli-appartamenti/","name":"Appartamenti vacanze in Alto Adige – ospitalità e privacy","isPartOf":{"@id":"https://www.woldererhof.com/#website"},"datePublished":"2019-02-20T10:05:55+00:00","dateModified":"2025-02-28T16:05:17+00:00","description":"Il perfetto mix di privacy e ospitalità: gli appartamenti vacanze Lichtung Woldererhof vi aspettano su un’idilliaca radura in Alto Adige.","breadcrumb":{"@id":"https://www.woldererhof.com/it/gli-appartamenti/#breadcrumb"},"inLanguage":"it-IT","potentialAction":[{"@type":"ReadAction","target":["https://www.woldererhof.com/it/gli-appartamenti/"]}]},{"@type":"BreadcrumbList","@id":"https://www.woldererhof.com/it/gli-appartamenti/#breadcrumb","itemListElement":[{"@type":"ListItem","position":1,"name":"Startseite","item":"https://www.woldererhof.com/"},{"@type":"ListItem","position":2,"name":"Gli appartamenti"}]},{"@type":"WebSite","@id":"https://www.woldererhof.com/#website","url":"https://www.woldererhof.com/","name":"Lichtung Woldererhof","description":"Lichtung Woldererhof","potentialAction":[{"@type":"SearchAction","target":{"@type":"EntryPoint","urlTemplate":"https://www.woldererhof.com/?s={search_term_string}"},"query-input":"required name=search_term_string"}],"inLanguage":"it-IT"}]}</script>
<!-- / Yoast SEO plugin. -->

Appartamenti vacanze in Alto Adige – ospitalità e privacy

Il perfetto mix di privacy e ospitalità: gli appartamenti vacanze Lichtung Woldererhof vi aspettano su un’idilliaca radura in Alto Adige.
