{"id":908,"date":"2019-02-20T11:05:55","date_gmt":"2019-02-20T10:05:55","guid":{"rendered":"https:\/\/www.woldererhof.com\/wohnen\/"},"modified":"2025-02-28T17:05:47","modified_gmt":"2025-02-28T16:05:47","slug":"living","status":"publish","type":"page","link":"https:\/\/www.woldererhof.com\/en\/living\/","title":{"rendered":"Living"},"content":{"rendered":"\n<h1 class=\"wp-block-heading\" style=\"text-align:right\">Wohnen<\/h1>\n\n<blockquote style=\"text-align:right\" class=\"wp-block-quote\"><p>Wo sich der Alltag lichtet, f\u00e4llt alles von mir ab. Unn\u00f6tiges, Unangenehmes. \u00dcbrig bleibt das Wesentliche. Was mir wichtig ist.<\/p><\/blockquote>\n","protected":false},"excerpt":{"rendered":"<p>Wohnen Wo sich der Alltag lichtet, f\u00e4llt alles von mir ab. Unn\u00f6tiges, Unangenehmes. \u00dcbrig bleibt das Wesentliche. Was mir wichtig ist.<\/p>\n","protected":false},"author":1,"featured_media":0,"parent":0,"menu_order":0,"comment_status":"closed","ping_status":"open","template":"","meta":{"_custom_body_class":"","_custom_post_class":"","footnotes":""},"yoast_head":"<!-- This site is optimized with the Yoast SEO plugin v22.0 - https:\/\/yoast.com\/wordpress\/plugins\/seo\/ -->\n<title>Lichtung Woldererhof Apartments \u2013 Your Private Retreat in South Tyrol<\/title>\n<meta name=\"description\" content=\"A holiday apartment surrounded by woodland, with all the privacy you can wish for: come and spend an idyllic holiday at Lichtung Woldererhof, in Racines.\" \/>\n<meta name=\"robots\" content=\"index, follow, max-snippet:-1, max-image-preview:large, max-video-preview:-1\" \/>\n<link rel=\"canonical\" href=\"https:\/\/www.woldererhof.com\/it\/gli-appartamenti\/\" \/>\n<script type=\"application\/ld+json\" class=\"yoast-schema-graph\">{\"@context\":\"https:\/\/schema.org\",\"@graph\":[{\"@type\":\"WebPage\",\"@id\":\"https:\/\/www.woldererhof.com\/it\/gli-appartamenti\/\",\"url\":\"https:\/\/www.woldererhof.com\/it\/gli-appartamenti\/\",\"name\":\"Lichtung Woldererhof Apartments \u2013 Your Private Retreat in South Tyrol\",\"isPartOf\":{\"@id\":\"https:\/\/www.woldererhof.com\/#website\"},\"datePublished\":\"2019-02-20T10:05:55+00:00\",\"dateModified\":\"2025-02-28T16:05:47+00:00\",\"description\":\"A holiday apartment surrounded by woodland, with all the privacy you can wish for: come and spend an idyllic holiday at Lichtung Woldererhof, in Racines.\",\"breadcrumb\":{\"@id\":\"https:\/\/www.woldererhof.com\/it\/gli-appartamenti\/#breadcrumb\"},\"inLanguage\":\"en-US\",\"potentialAction\":[{\"@type\":\"ReadAction\",\"target\":[\"https:\/\/www.woldererhof.com\/it\/gli-appartamenti\/\"]}]},{\"@type\":\"BreadcrumbList\",\"@id\":\"https:\/\/www.woldererhof.com\/it\/gli-appartamenti\/#breadcrumb\",\"itemListElement\":[{\"@type\":\"ListItem\",\"position\":1,\"name\":\"Startseite\",\"item\":\"https:\/\/www.woldererhof.com\/\"},{\"@type\":\"ListItem\",\"position\":2,\"name\":\"Living\"}]},{\"@type\":\"WebSite\",\"@id\":\"https:\/\/www.woldererhof.com\/#website\",\"url\":\"https:\/\/www.woldererhof.com\/\",\"name\":\"Lichtung Woldererhof\",\"description\":\"Lichtung Woldererhof\",\"potentialAction\":[{\"@type\":\"SearchAction\",\"target\":{\"@type\":\"EntryPoint\",\"urlTemplate\":\"https:\/\/www.woldererhof.com\/?s={search_term_string}\"},\"query-input\":\"required name=search_term_string\"}],\"inLanguage\":\"en-US\"}]}<\/script>\n<!-- \/ Yoast SEO plugin. -->","yoast_head_json":{"title":"Lichtung Woldererhof Apartments \u2013 Your Private Retreat in South Tyrol","description":"A holiday apartment surrounded by woodland, with all the privacy you can wish for: come and spend an idyllic holiday at Lichtung Woldererhof, in Racines.","robots":{"index":"index","follow":"follow","max-snippet":"max-snippet:-1","max-image-preview":"max-image-preview:large","max-video-preview":"max-video-preview:-1"},"canonical":"https:\/\/www.woldererhof.com\/it\/gli-appartamenti\/","schema":{"@context":"https:\/\/schema.org","@graph":[{"@type":"WebPage","@id":"https:\/\/www.woldererhof.com\/it\/gli-appartamenti\/","url":"https:\/\/www.woldererhof.com\/it\/gli-appartamenti\/","name":"Lichtung Woldererhof Apartments \u2013 Your Private Retreat in South Tyrol","isPartOf":{"@id":"https:\/\/www.woldererhof.com\/#website"},"datePublished":"2019-02-20T10:05:55+00:00","dateModified":"2025-02-28T16:05:47+00:00","description":"A holiday apartment surrounded by woodland, with all the privacy you can wish for: come and spend an idyllic holiday at Lichtung Woldererhof, in Racines.","breadcrumb":{"@id":"https:\/\/www.woldererhof.com\/it\/gli-appartamenti\/#breadcrumb"},"inLanguage":"en-US","potentialAction":[{"@type":"ReadAction","target":["https:\/\/www.woldererhof.com\/it\/gli-appartamenti\/"]}]},{"@type":"BreadcrumbList","@id":"https:\/\/www.woldererhof.com\/it\/gli-appartamenti\/#breadcrumb","itemListElement":[{"@type":"ListItem","position":1,"name":"Startseite","item":"https:\/\/www.woldererhof.com\/"},{"@type":"ListItem","position":2,"name":"Living"}]},{"@type":"WebSite","@id":"https:\/\/www.woldererhof.com\/#website","url":"https:\/\/www.woldererhof.com\/","name":"Lichtung Woldererhof","description":"Lichtung Woldererhof","potentialAction":[{"@type":"SearchAction","target":{"@type":"EntryPoint","urlTemplate":"https:\/\/www.woldererhof.com\/?s={search_term_string}"},"query-input":"required name=search_term_string"}],"inLanguage":"en-US"}]}},"_links":{"self":[{"href":"https:\/\/www.woldererhof.com\/en\/wp-json\/wp\/v2\/pages\/908"}],"collection":[{"href":"https:\/\/www.woldererhof.com\/en\/wp-json\/wp\/v2\/pages"}],"about":[{"href":"https:\/\/www.woldererhof.com\/en\/wp-json\/wp\/v2\/types\/page"}],"author":[{"embeddable":true,"href":"https:\/\/www.woldererhof.com\/en\/wp-json\/wp\/v2\/users\/1"}],"replies":[{"embeddable":true,"href":"https:\/\/www.woldererhof.com\/en\/wp-json\/wp\/v2\/comments?post=908"}],"version-history":[{"count":0,"href":"https:\/\/www.woldererhof.com\/en\/wp-json\/wp\/v2\/pages\/908\/revisions"}],"wp:attachment":[{"href":"https:\/\/www.woldererhof.com\/en\/wp-json\/wp\/v2\/media?parent=908"}],"curies":[{"name":"wp","href":"https:\/\/api.w.org\/{rel}","templated":true}]}}

<h1 class="wp-block-heading" style="text-align:right">Wohnen</h1>

<blockquote style="text-align:right" class="wp-block-quote"><p>Wo sich der Alltag lichtet, fällt alles von mir ab. Unnötiges, Unangenehmes. Übrig bleibt das Wesentliche. Was mir wichtig ist.</p></blockquote>

<p>Wohnen Wo sich der Alltag lichtet, fällt alles von mir ab. Unnötiges, Unangenehmes. Übrig bleibt das Wesentliche. Was mir wichtig ist.</p>
